 = 0. Let u be (-11)/v*2320/29. Suppose -3*k = -u - 133. What is the hundreds digit of k?
1
Let v(q) = q**2 - 18*q + 16. Let l be v(18). Suppose 5*w = 13*w - l. What is the units digit of w/(-6) - (183/(-9) - 6)?
6
Suppose -11*q + 6*q + 470 = 0. Suppose 2*p - q = -2*a, -p + 4*a = -2*p + 44. Suppose -l + 189 = 4*n - 6*l, 0 = n - l - p. What is the tens digit of n?
5
Let d(l) = 6*l**3 - 4*l**2 - 5*l + 17. Let f(j) = j**3 + 11*j**2 + 12*j + 23. Let t be 1/((-5 - -2) + 58/20). Let r be f(t). What is the tens digit of d(r)?
2
Suppose 0 = 4*u - 20, 5*a - 8*a + 4565 = -5*u. What is the units digit of a?
0
Let o(c) = -270*c**2 - 3*c + 3. Let s(z) = -268*z**2 - 3*z + 3. Let n(k) = 5*o(k) - 6*s(k). What is the tens digit of n(1)?
5
What is the hundreds digit of (-1 - -29)*(-19 + 5859/18)?
5
What is the tens digit of 186/(-434) - (-53700)/7?
7
Suppose -3*u = 3*l - 157021 + 8749, -u - 98839 = -2*l. What is the tens digit of l?
2
Suppose 1467759 = 147*s - 3907923 - 1719273. What is the tens digit of s?
6
Let d(u) = 2*u**2 + 19*u + 53. Let j be d(-9). Suppose 0 = -4*p - 4*g + 1248 - j, -3*g = -p + 305. What is the hundreds digit of p?
3
Suppose 2*x = 3*q - 25774, -8590 = -110*q + 109*q + 2*x. What is the units digit of q?
2
Let n(u) = -4*u + 147. What is the tens digit of n(21)?
6
Let m(s) = 2*s**3 - 6*s**2 + 6*s. Let d be m(2). Suppose -4*f = d*j, 2*f = -7*j + 6*j. Suppose f = 43*i - 38*i - 960. What is the units digit of i?
2
Let m(y) = -y**2 - 82*y + 1. Let u be m(27). Let l = 4297 + u. What is the tens digit of l?
5
Let k(u) be the second derivative of -11*u - 1/2*u**2 + 0 + 1/3*u**3. What is the units digit of k(2)?
3
Suppose d = -5*k + 7, 2*k - 3*d - 9 = 4. Let c be k + (-4)/(-8)*58. Let t = c - -3. What is the tens digit of t?
3
Suppose -27*j + 35*j - 32 = 0. Suppose -v = -2*v + j*a + 1344, -5*v - 4*a + 6648 = 0. What is the units digit of v?
2
Let i(l) = -l**3 - 29*l**2 + 62. Let b be i(-30). Suppose -t - 12*t = b. Let p = t - -245. What is the hundreds digit of p?
1
Let m(f) = -f**2 + 47*f + 3. Suppose 0 = -7*d - 0*d + 147. Let i be m(d). What is the units digit of (i/(-27))/((-3)/9)?
1
Suppose 27*k + m = 25*k + 18864, m = k - 9438. What is the thousands digit of k?
9
Let o(b) = -26*b**3 - 2*b**2 + 22*b + 18. What is the hundreds digit of o(-5)?
1
Let w(x) = 9*x - 12. Suppose 15*g - 5*g - 280 = 0. Let n be w(g). Suppose 912 - n = 8*z. What is the tens digit of z?
8
Let h = 63986 - 44417. What is the units digit of h?
9
Let r(k) = 196*k**2 + 271*k - 14. What is the hundreds digit of r(-9)?
4
Suppose -2*r + 13302 = 39650. What is the hundreds digit of (-1)/2 + r/(-28)?
4
Let u be (-26)/1 - (7 - 8). Let y be (u/(-10))/5*0/(-2). Suppose y = 54*t - 56*t + 494. What is the units digit of t?
7
Let d = -12 - 12. Let l be 6/(-4)*1264/d. Suppose 173 = 4*b - l. What is the tens digit of b?
6
Let k(h) = 111*h**3 + 11*h - 11. Let l be k(-3). Let s = l - -4309. What is the thousands digit of s?
1
Suppose -32*l + 3 = -35*l. Let o be -1*4 - (-7 + l). Suppose -188 = -6*h + o*h. What is the units digit of h?
4
Let s(k) = 252*k + 404. What is the thousands digit of s(7)?
2
Suppose 4*z - 3*s - 45732 = 0, -3597 = -2*z - 2*s + 19241. What is the hundreds digit of z?
4
What is the ten thousands digit of 4*(9081 + -2) + 3168/396?
3
What is the hundreds digit of (-3)/2*(-375888)/72?
8
Suppose -9190 = 8*y - 28486. What is the units digit of y?
2
Let p(n) = 82*n**2 + 25*n + 83. Let o be p(-16). Suppose 16*d - o = -9*d. What is the units digit of d?
7
Let t be (-1032224)/144 - 4/(-18). What is the hundreds digit of 1/((-8)/t*4)?
2
Let a(i) = 185*i**2 - 84*i - 734. What is the thousands digit of a(-8)?
1
Suppose -75*x + 1345062 = 89562. What is the ten thousands digit of x?
1
Let g(f) = 104*f**2 - 2*f - 3. Let k be ((-5)/(-3))/(((-8)/12)/(-2)). Suppose 7*l - 3*l - 5*q = -9, -2*l + 3*q - k = 0. What is the units digit of g(l)?
3
Let s(n) = -2*n**2 - 9*n - 4. Let p be s(-6). Let f = -17 - p. What is the tens digit of (1 - -1)*((-5)/f - -32)?
6
What is the thousands digit of (-309684)/(-70) + (-730)/12775?
4
Let i be (-2)/4 - 3/6. Let y(a) = -309*a**3 + a**2 - 2*a - 2. What is the units digit of y(i)?
0
Suppose 68*q - 203634 = 14*q. What is the tens digit of q?
7
Suppose -135*s - 1161 = -126*s. Let p = 215 - s. What is the tens digit of p?
4
Suppose -52 = -o - 30. What is the units digit of (-4)/o + 5799/11?
7
Let f = -101 + 104. Suppose -2*q + 543 = f*w, -3*q + w + 689 + 109 = 0. What is the units digit of q?
7
Suppose -7*j - 19 = 65. Let k(h) = -h**3 - 10*h**2 - 9*h + 4. What is the units digit of k(j)?
0
Suppose -6*s + 2*s + 288 = 0. Suppose 36*g - 4350 = 11*g. Let h = g - s. What is the units digit of h?
2
Let r be 1/(3/6 + -1). Let o be ((-30)/(-8))/(r + 121/60). Suppose -o = -3*z + i, -7*z + 300 = -3*z + 2*i. What is the units digit of z?
5
Suppose c + 242*k - 10101 = 240*k, -2*k = -4*c + 40434. What is the hundreds digit of c?
1
Let l(r) = 6*r**2 - 13*r - 30. Suppose 0 = 26*m - 24*m - 22. What is the units digit of l(m)?
3
Let r(x) = 3*x - 6. Let i = -769 + 784. What is the tens digit of r(i)?
3
Suppose -2*y = 28 - 8. Let l(r) be the third derivative of -7*r**4/24 - 11*r**3/6 - 299*r**2 - 4. What is the units digit of l(y)?
9
Let l(g) be the third derivative of g**4/3 - 12*g**3 + 56*g**2. What is the tens digit of l(37)?
2
Let f = 52052 - 27462. What is the tens digit of f?
9
Suppose 0*t = -3*t + 1128. Suppose -t + 18745 = 39*q. What is the tens digit of q?
7
Suppose 4*w - 22 - 6 = 0. Let h = w + 372. What is the units digit of h?
9
Let x be (2/(-3))/(12/(-450)*-5). Let v be 2/x - (-3)/15*2. Suppose v = -8*z + 2*z + 486. What is the tens digit of z?
8
Suppose 4*g = 2*g + 4. Suppose 3*u + g*y = 28, -6 = -4*y + 14. Suppose 5*b = u*b - 85. What is the units digit of b?
5
What is the units digit of (1 + 7)*179458/424?
6
Let x be 4*(-2)/(-16)*8. Suppose -r = -x*n - 4 - 13, 3*n - 3*r = -15. What is the hundreds digit of ((-95)/n)/((-6)/(-48))?
1
Suppose 111067 - 28323 = 8*g. What is the hundreds digit of g?
3
Let d = -61840 + 121634. What is the thousands digit of d?
9
Let d be -4 - (12/42 - 74134/14). Suppose 0 = -5*q + 4*s + d, 0 = -4*s - 2 + 6. What is the tens digit of q?
5
Suppose 4*n = 3*y + 11, -5*n + 13 = 2*y + 5. Suppose -387 = -n*f - 3*s, -3*s = -4*f - 0*s + 747. Suppose 4*h - 51 - f = 0. What is the units digit of h?
0
Suppose -342237 = -18*c + 204639. What is the ten thousands digit of c?
3
Let m be (-37997)/(-4) - (-4)/(-16). Suppose -23*v + m = -0*v. What is the units digit of v?
3
Suppose -808550 = -25*q + 5*q - 30*q. What is the thousands digit of q?
6
Let k = 130 + -123. Let r = 338 - k. What is the hundreds digit of r?
3
Let r(u) = u**3 - 9*u**2 + 5*u + 15. Let i be r(8). Let w = i - -23. Suppose s - 20 = -3*t, -3*s + 2*t + w = -13. What is the units digit of s?
1
Suppose 3*y - 3*k = -7*k - 28, -3*y - 16 = k. What is the tens digit of 1101*3/6 - 2/y?
5
Let d = -67 - -70. Suppose -d*c = -3*t - 0*c + 6, -c = 2*t - 4. What is the tens digit of (-1)/((-1)/t) + (-5084)/(-31)?
6
Suppose 54*y = 136*y - 953250. What is the hundreds digit of y?
6
Suppose 0 = -5*g + 5*u - 4*u + 14, g + 14 = -4*u. Suppose 380 = 5*o - 5*y, -o + 4*y = g*o - 233. Suppose b - 8 - o = 0. What is the units digit of b?
9
Suppose 0 = 3*g + 25*g - 84. Let x(o) = 110*o - 19. What is the units digit of x(g)?
1
Suppose h + 682*n = 683*n + 20157, 4*n - 4 = 0. What is the hundreds digit of h?
1
Suppose -5*d = -2*t - 35818, -3*t = -4*d + 3*d + 7161. What is the tens digit of d?
6
Let s be ((-4)/(-14) - 0)*28. Suppose -s*c + 10680 = 2*c. What is the thousands digit of c?
1
Suppose 5*o - 63 = -4*o. Suppose 2 = -o*p + 30. What is the tens digit of p/6 + 7 + 1440/27?
6
Let k = -194 + 234. What is the tens digit of ((-1386)/(-15))/(12/k)?
0
Let a(s) = 14*s**2 - 21*s - 1. Let i be a(-8). Suppose -5*x - c = -i, -x + c = 3*c - 218. Suppose x = 3*d - 367. What is the hundreds digit of d?
1
Suppose 0 = -139*n - 206*n + 1356826 + 3741584. What is the ten thousands digit of n?
1
Let j(g) = 10*g - 10 + 28*g - 16*g + 4*g - 6*g. Let w = 17 + -8. What is the hundreds digit of j(w)?
1
Let w(f) = 9*f**2 - 14*f - 16. Let y be w(20). Let c = y + -2214. What is the tens digit of c?
9
Let a = -8133 - -37377. What is the